3424 (base 7) in base 10?
217333
-1505121 (base 6) to base 2
-10101001010001001
What is 2060757 (base 9) in base 8?
4152023
Convert -352607 (base 10) to base 15.
-6e722
74b8bd (base 14) to base 8
17043417
What is -1001110110110000011 (base 2) in base 3?
-121102000000
Convert -1346222 (base 8) to base 13.
-103ca8
-2ebb2 (base 16) to base 6
-4034054
Convert -1240a4 (base 15) to base 2.
-11010101011100100111
Convert -219f2 (base 16) to base 6.
-2541322
Convert 6736 (base 12) to base 6.
124510
3a391 (base 13) to base 9
174468
What is -26197 (base 11) in base 7?
-214213
What is 163ba17 (base 12) in base 6?
241434431
What is 8783 (base 10) in base 15?
2908
-212210020220 (base 3) to base 10
-468204
What is -22122111121111 (base 3) in base 8?
-21420535
Convert 536021 (base 7) to base 8.
266177
223516223 (base 7) to base 15
12e007e
-22001000020010 (base 3) to base 4
-100102310100
What is 383804 (base 9) in base 15?
48d34
-137a8ba (base 15) to base 14
-1c1d6b8
-10561741 (base 8) to base 10
-2286561
25b32 (base 14) to base 3
11201020021
Convert 13030044 (base 6) to base 9.
715331
What is -1bb24 (base 15) in base 6?
-1533511
-80b2 (base 13) to base 5
-1031341
-54114236 (base 8) to base 13
-2522a90
Convert 32320221 (base 4) to base 3.
10002122010
Convert -15322200 (base 6) to base 3.
-1000102020200
34022012 (base 7) to base 8
13173242
What is -2455001 (base 6) in base 7?
-1056526
10101001000001101 (base 2) to base 4
111020031
Convert -111111111101111110011 (base 2) to base 5.
-1014033430
-569152 (base 14) to base 3
-12112121012112
2435051 (base 6) to base 12
62a87
2011302300 (base 4) to base 14
103a00
What is -78e51 (base 15) in base 16?
-5de59
What is -2c952 (base 13) in base 6?
-1453510
What is -201202201201012 (base 3) in base 12?
-3627628
Convert 264388 (base 9) to base 10.
160703
-10110100100111100010011 (base 2) to base 11
-338270a
6603 (base 16) to base 7
136065
What is -361b81 (base 13) in base 11?
-800828
What is -206a3b (base 12) in base 3?
-221212221002
Convert -123512122 (base 6) to base 13.
-669728
Convert -1a9d5 (base 15) to base 5.
-10232400
Convert 1243442112 (base 5) to base 4.
23313002220
What is 320221332 (base 5) in base 4?
11012020202
62d47c (base 15) to base 6
244442200
What is 113111 (base 4) in base 14?
789
Convert -109699 (base 10) to base 3.
-12120110221
What is -15433510 (base 6) in base 14?
-104134
Convert -2b5053 (base 13) to base 7.
-12035102
10224302 (base 5) to base 9
141220
-5ec7d (base 15) to base 4
-1022001121
Convert -221321030230 (base 4) to base 6.
-1031215244
Convert -176532 (base 11) to base 12.
-111604
What is 1010100100011111110 (base 2) in base 10?
346366
-10002010022100 (base 3) to base 7
-16622655
What is -71b30 (base 16) in base 5?
-104400322
103011641 (base 7) to base 10
6120815
212102110222 (base 3) to base 9
772428
-41212414 (base 5) to base 7
-2564503
120210211221 (base 3) to base 16
4bf85
What is -1b68cc (base 15) in base 13?
-37b30c
What is -1e388 (base 15) in base 8?
-300566
Convert -140665 (base 8) to base 11.
-34291
Convert 50621446 (base 8) to base 6.
1021053022
-45a3c4 (base 13) to base 10
-1650614
What is -707724 (base 10) in base 3?
-1022221211000
Convert 860a0 (base 14) to base 3.
121110100111
-33033313 (base 4) to base 15
-1378a
108686 (base 10) to base 3
12112002102
Convert -1532a0 (base 14) to base 11.
-464a77
Convert 18ca46 (base 16) to base 13.
44b63a
What is 6c66a (base 14) in base 4?
1000213312
32013022233 (base 4) to base 9
6857526
What is 90156 (base 10) in base 4?
112000230
What is -88354 (base 10) in base 3?
-11111012101
-11110000012 (base 3) to base 11
-5a802
What is 5607156 (base 8) in base 2?
101110000111001101110
Convert -1010011010110011101011 (base 2) to base 15.
-38e3cd
What is 21842 (base 11) in base 6?
402231
What is -994863 (base 11) in base 16?
-183985
Convert -167468 (base 9) to base 15.
-20bbe
Convert 5222659 (base 11) to base 13.
1ba7389
Convert -546330 (base 8) to base 14.
-4ac40
What is -10c2c (base 14) in base 4?
-21331220
-201101100102100 (base 3) to base 11
-58a6395
Convert 190387 (base 10) to base 9.
320141
Convert 4a54c (base 15) to base 2.
111001111110000111
What is -12122220120210 (base 3) in base 10?
-3009738
Convert -d32a69 (base 14) to base 9.
-14343231
What is 15544430 (base 7) in base 8?
5577310
52ba12 (base 12) to base 14
25dda6
What is 101001001101111110111 (base 2) in base 12?
55175b
What is -4304212242 (base 5) in base 10?
-9054072
Convert 155015 (base 9) to base 16.
17519
What is 202738 (base 10) in base 2?
110001011111110010
Convert -11147163 (base 8) to base 4.
-21030321303
Convert -11101002202021 (base 3) to base 2.
-1000110111100001110111
Convert 1e6bc (base 15) to base 11.
68756
Convert -2471145 (base 9) to base 12.
-54aa28
Convert -14522 (base 7) to base 11.
-3038
What is 22440411 (base 5) in base 8?
613556
-45da4 (base 14) to base 2
-101001100001011100
Convert 1034111 (base 7) to base 5.
13020111
Convert -153284 (base 12) to base 8.
-1273304
Convert 66705 (base 9) to base 3.
2020210012
Convert -1001110001101110111110 (base 2) to base 14.
-4aa07c
What is -24e6e1 (base 16) in base 7?
-26361506
What is 20710636 (base 8) in base 15?
5c70ca
What is -560317 (base 9) in base 11?
-209658
What is 111220110122 (base 3) in base 14?
71a72
220020 (base 5) to base 3
101022011
What is 9618993 (base 10) in base 5?
4430301433
-6ce439 (base 16) to base 14
-d3a9a9
What is -11626555 (base 8) in base 10?
-2567533
-340277 (base 8) to base 14
-2dc19
What is -92261 (base 10) in base 14?
-258a1
-413521 (base 8) to base 13
-4a4b8
What is -6237647 (base 8) in base 5?
-410422240
What is -65865 (base 12) in base 16?
-20c8d
-433211443 (base 5) to base 11
-1054652
What is -5a15b (base 12) in base 14?
-32235
-524441 (base 6) to base 9
-64267
What is 2286b (base 12) in base 16?
b453
What is 13023552 (base 6) in base 3?
210111201212
What is -10100001011101001011 (base 2) in base 15?
-d0e33
1001001000000101000 (base 2) to base 9
505185
-13331102133 (base 4) to base 9
-3828460
2544610 (base 7) to base 6
11030334
Convert -1135135450 (base 6) to base 4.
-300333210312
What is 4245551 (base 6) in base 14?
56079
Convert 233012332 (base 4) to base 16.
2f1be
What is -58171 (base 10) in base 9?
-87714
What is 584069 (base 10) in base 16?
8e985
Convert 10356610 (base 9) to base 6.
255041530
What is 52146032 (base 7) in base 14?
820a89
-4627541 (base 8) to base 9
-2325634
Convert 1b410 (base 13) to base 14.
15677
Convert -33320102 (base 4) to base 11.
-4495a
4517 (base 13) to base 10
9653
Convert 64a8a (base 12) to base 9.
222237
What is -153b29 (base 13) in base 2?
-1111111100101010111
Convert -32033231 (base 5) to base 4.
-1001122211
Convert -4050067 (base 8) to base 4.
-10011000313
What is -2483ac (base 13) in base 11?
-548495
-1555207 (base 8) to base 9
-754115
Convert -11120213 (base 5) to base 16.
-17f87
Convert -2423140444 (base 5) to base 9.
-11613211
-b1578 (base 15) to base 13
-168755
What is -2100010220220 (base 3) in base 6?
-42350040
Convert -103486 (base 12) to base 4.
-332023212
What is 2349041 (base 10) in base 12?
953495
Convert 142298 (base 12) to base 15.
696ab
What is -2010202002 (base 3) in base 13?
-16211
-33130333210 (base 4) to base 11
-2317571
755461 (base 10) to base 12
305231
Convert -301302444 (base 5) to base 11.
-748569
What is -10131212 (base 5) in base 10?
-83307
Convert 50244 (base 7) to base 10.
12135
Convert -212087 (base 12) to base 6.
-15104251
What is 9538975 (base 10) in base 12?
32402a7
Convert -13985 (base 15) to base 12.
-30498
-231196 (base 11) to base 7
-3060445
Convert 515069 (base 10) to base 13.
150599
What is -166013450 (base 7) in base 10?
-11415614
-10a399 (base 11) to base 4
-222223300
-7c845 (base 13) to base 7
-1635564
Convert 4424504 (base 11) to base 7.
123002263
Convert 101010010001101110 (base 2) to base 6.
3413410
101010111111110001011001 (base 2) to base 10
11271257
5c0a (base 16) to base 15
6eac
What is -2020222110 (base 3) in base 15?
-d289
What is -8951036 (base 10) in base 2?
-100010001001010011111100
Convert 13302144 (base 6) to base 15.
8b71d
What is 3a6674 (base 12) in base 6?
32404224
What is -2a9556 (base 11) in base 13?
-13b011
Convert -1118435 (base 11) to base 15.
-28a418
What is -674279 (base 10) in base 4?
-22102132